 5*a + 0 = -4*p - 2, -4*p - 4 = 4*a. Suppose -5*g - 3*n - 20 + 73 = 0, -a*g + 10 = 4*n. Calculate the greatest common factor of g and 143.
13
Suppose 298*n = 300*n - 48. What is the greatest common factor of 680 and n?
8
Let k = 2820 - 785. What is the greatest common factor of k and 220?
55
Let f be 6 + -1 - (-9 + 14). Suppose -n + 5 = 0, f = 2*i - 4*n - 29 + 13. Suppose i*g - 75 = 13*g. Calculate the greatest common divisor of 6 and g.
3
Let x(t) = t**2 - 4*t - 11 - 5*t - 8 + 13. Let q be x(15). What is the highest common factor of q and 21?
21
Let t(v) = 142*v - 2246. Let o be t(16). What is the greatest common factor of 4407 and o?
13
Let u be (-32826)/(-18) - (-8)/24. What is the greatest common factor of 570 and u?
114
Suppose 2*m = 2*g - 20, 3*m = 4*g - 3*g - 20. Let q be 3/1 + -1 + m. Let n be q + 80*(-1)/(-10)*4. Calculate the highest common divisor of n and 232.
29
Suppose -109 + 5 = -3*f + 4*i, 146 = 4*f + 2*i. What is the highest common divisor of f and 2868?
12
Suppose -1035*i + 27336 = -1029*i. What is the greatest common factor of 68 and i?
68
Suppose 4*q + 17*q - 16000 = 5*q. What is the greatest common divisor of 8 and q?
8
Let j = 154 + -147. Suppose 36 = j*h - 3*h. Calculate the greatest common factor of h and 39.
3
Suppose -6*u + u = -135. Suppose -5*p = d - 262, -5*d + u = p - 35. Suppose 11*w = 21*w - 130. What is the greatest common divisor of w and p?
13
Suppose 0 = 7*l + l - 232. Let b = -18 + l. Suppose 6*p = 101 - b. What is the greatest common divisor of 3 and p?
3
Suppose 0 = -9*p + 7*p + 4*s - 70, 0 = -5*p - 4*s - 119. Let m be 18/p*(-66)/4. What is the highest common divisor of 2 and m?
1
Let g = 231 - 118. Suppose 5*d - 5 = 0, 2*p = 4*p - 3*d - g. Calculate the greatest common divisor of 87 and p.
29
Suppose -4*b + 10*s = 13*s - 458, -b + 8*s = -132. Suppose 235 = z + 3*z + 3*y, -4*y = -2*z + 112. Calculate the greatest common factor of b and z.
58
Suppose 255*n = -57*n + 918840. What is the highest common divisor of n and 190?
95
Suppose 4*i - 5*g = 37821, 545 = 5*g + 510. What is the highest common factor of i and 224?
56
Let l(m) = -11*m + 178. Let p(u) = -20*u + 353. Let h(y) = -5*l(y) + 3*p(y). Let r be h(22). Calculate the greatest common factor of r and 472.
59
Let a be (-2 - 1) + (-2478)/(-17 - -10). Let r = -181 + a. What is the highest common factor of 68 and r?
34
Let x be 2/((-4)/(-30)) + -6 + 5. Suppose 4*n = -6 + x. Suppose -n*m + h = -38, 3*m + 0*h + h - 52 = 0. Calculate the greatest common factor of 144 and m.
18
Let c be (-28)/((-30229)/(-25270) - 18/15). What is the highest common factor of c and 168?
56
Let y(d) = -99*d - 231. Let p be y(-11). Calculate the highest common factor of 507 and p.
39
Suppose 0*h = -2*h. Suppose h = 8*o - 60 - 356. Calculate the highest common divisor of o and 156.
52
Let w(d) = -d + 10. Let f(c) = 2*c - 8. Let h(m) = 4*f(m) + 5*w(m). Let v be h(4). Calculate the highest common divisor of v and 105.
15
Let g be (6 - -4) + (-62)/3*-3. What is the greatest common factor of g and 22104?
72
Let u be 1448/24 + 2/(-6). Let h(r) = -10*r**3 + 42*r**2 + 84*r. Let c be h(-2). Calculate the greatest common factor of c and u.
20
Suppose 16*n - 705 = -65. Suppose -35*p + 45*p = n. Calculate the greatest common divisor of 28 and p.
4
Let v = -1697 - -1865. Calculate the greatest common divisor of 448 and v.
56
Suppose -3*d = -2*t - 402, 9*d = 5*t - 7*t + 1158. What is the greatest common factor of d and 3770?
130
Suppose 111*g + 1344 = 127*g. Suppose -458 - 326 = -14*u. What is the greatest common divisor of g and u?
28
Let t(m) = 2*m - 62. Let z be t(-29). Let y be -10 + z/(-12) + 1 + 436. What is the highest common factor of y and 23?
23
Let u be ((-12)/15)/((-10)/575). Suppose k = 2*q + 6, 4*k + 8 = -3*q + 32. Let w be (-18)/k + (1 - -94). Calculate the greatest common factor of w and u.
46
Let y = 896 + -2767. Let u = y + 2651. What is the highest common factor of u and 60?
60
Suppose 4 = -4*m + 52. Suppose 16*p - 67864 = -52*p. Let b = 1001 - p. What is the greatest common divisor of b and m?
3
Suppose 3*m - 2*f + 6 = 0, -4*m + 2*f = -5 + 11. Suppose 7*a - 3057 - 590 = m. Suppose -6*b + a + 343 = 0. Calculate the highest common divisor of 36 and b.
36
Suppose -3*y + w + 18 = 2*y, y - 10 = -3*w. Suppose -6*d = -5*i - 3*d - y, 0 = i + 5*d - 16. What is the greatest common factor of 11 and i?
1
Let l(p) = -2*p**3 + 5*p**2 + p - 2. Let a be l(-1). Suppose -4*s = a*b - 44, s - 44 = -3*s - 5*b. Calculate the greatest common divisor of s and 1.
1
Let d be (-3607)/25249 + 365/7 + -1. Suppose 0 = 5*l - 354 - 326. What is the greatest common divisor of l and d?
17
Suppose 4*a + 2*v - 38 = 0, -a - 239*v + 14 = -243*v. Suppose 0 = z, -2*k + 290 + 170 = 5*z. Calculate the highest common factor of a and k.
10
Suppose 468*w = 1429*w - 3844. Let y(d) = d**3 - d**2 + d + 46. Let n be y(0). What is the highest common divisor of n and w?
2
Let q(h) = h**2 + 9*h - 16. Let n(x) = x**3 + 9*x**2 - 22*x - 13. Let f be n(-11). Let k be q(f). Calculate the highest common divisor of k and 36.
36
Let o(i) = -i**3 + 2*i**2 + 2*i + 24. Let n be o(-9). Let l = n + -648. What is the highest common factor of l and 3?
3
Let p = 14 - 2. Suppose 34*a + 350 = 41*a. Suppose 56*h - a*h = 504. What is the greatest common factor of p and h?
12
Let j = -25 - -37. Let v be (-6*2)/((-4)/30). Suppose 4*n = n + v. What is the greatest common divisor of n and j?
6
Let j be (4/6)/(6/(-936)). Let o = -102 - j. Suppose -o*l - 2*c = -4*l + 32, -2*c + 22 = l. What is the highest common factor of 6 and l?
6
Suppose 15 = 3*q, -3*i - 6*q - 1572 = -9*q. Let g = i + 578. Calculate the greatest common divisor of 767 and g.
59
Let f = 1929 - -3111. Calculate the greatest common divisor of 16 and f.
16
Suppose -32 = 4*a - 52. Suppose a*s - 156 = -3*p, s - 79 = -3*p + 65. Let k = -29 + p. Calculate the highest common factor of k and 6.
6
Let j = 404 - 416. Let d be (27/j)/(99/(-264)). Calculate the highest common divisor of d and 282.
6
Let r = 57 - 21. What is the greatest common factor of r and 6084?
36
Suppose -27 = -8*v + 21. Let z be ((-3)/1 - (-14)/v)*-12. Let m = 2 + z. What is the greatest common factor of 10 and m?
10
Let h = -2508 - -2549. What is the highest common divisor of h and 287?
41
Let k = 258 - 18. Let v be -3*1 + k/(72/12). What is the greatest common factor of v and 74?
37
Let x(p) = -535*p**3 - 43*p**2 - 14*p. Let i be x(-2). Calculate the greatest common divisor of 44 and i.
44
Let b = -461 + 464. Let w(p) = -20*p**2 + 2. Let m be w(2). Let r = b - m. What is the greatest common factor of 27 and r?
27
Suppose j + 8*m = 13*m + 473, -5*m - 2305 = -5*j. What is the highest common factor of j and 2?
2
Let s = 229 + -154. Suppose -3*b = 15, 6*x - s = x + 5*b. Suppose -x*p + 21 = -9*p. What is the greatest common factor of p and 63?
21
Let h be (-168)/16*(-3 + -1). Suppose 2*q + 31 - 346 = -13*q. What is the greatest common factor of q and h?
21
Suppose -4 = 2*s, 4*s + 29 = a - 21. Suppose 20*l = -1011 + 1571. Calculate the greatest common divisor of a and l.
14
Let u be 4 - (-65 + -6 + 10). Let n = -991 - -1030. Calculate the greatest common factor of u and n.
13
Suppose -29152 = -119*s + 15830. What is the greatest common divisor of 5859 and s?
189
Let n(r) = 80*r - 6. Let g(u) = 27*u - 2. Let w(d) = 7*g(d) - 2*n(d). Let p be w(3). Let y = -72 + p. Calculate the highest common factor of y and 143.
13
Suppose 334*s + 96*s - 624360 = 0. Calculate the greatest common divisor of 54 and s.
6
Let v(w) = w**2 - w. Let b be v(2). Let m(a) = 11*a**2 + 330*a + 34. Let h be m(-30). What is the highest common factor of b and h?
2
Suppose -12*j + 8*j = 4. Let y(m) = -2*m**3 - m**2 - 2*m - 1. Let k be y(j). Let v = -657 + 659. What is the greatest common divisor of v and k?
2
Suppose -c = -3, 3*j - 2*j + 2*c - 22 = 0. Suppose j*u - 20*u = 256. Let p = 104 - u. Calculate the greatest common divisor of 21 and p.
21
Suppose 3*f - 291 = -10*k + 173, -2*k = -4*f - 56. What is the highest common divisor of k and 27764?
44
Suppose 3*h - 2*h + 3 = -3*z, -4*z + 5*h + 15 = 0. Suppose -y = 3*a + 177 - 867, -3*y = z. Calculate the highest common factor of a and 46.
46
Let x = 441 - 423. Let w = -18 + 15. Let q be 18*(w/(-3) - -6). Cal